(m) = m**3 - 6*m**2 - 10*m - 2. What is r(8)?
46
Let y(l) = 13*l + 513. Give y(-39).
6
Let c(w) = -6*w + 8. Calculate c(7).
-34
Let v(i) = -5*i + 6. What is v(1)?
1
Let k(z) = z**3 + 23*z**2 - 18*z - 23. Determine k(-24).
-167
Let j(s) = -3*s**2 + 12*s + 37. What is j(7)?
-26
Let n(w) = -w**3 + 3*w**2 + 6*w + 1. Give n(5).
-19
Let d(u) = -u**3 - 6*u**2 + 16*u + 4. Calculate d(-8).
4
Let m(o) = 5*o**2 + 35*o + 11. Calculate m(-5).
-39
Let x(v) = v**2 - 14*v + 11. Give x(12).
-13
Let m(l) = -l**3 + 2*l**2 - 3*l + 2. Determine m(2).
-4
Let n(o) = -o + 30. Give n(-10).
40
Let s(i) = -2*i**3 - i**2 + 3*i - 3. Give s(1).
-3
Let a(b) = -26*b**2 - 5*b - 4. Calculate a(-1).
-25
Let x(u) = 2*u**3 - 11*u**2 - 10*u + 78. Calculate x(5).
3
Let m(f) = 4*f**2 - f + 4. Calculate m(-2).
22
Let h(v) = v**2 + 8*v + 2. Calculate h(-4).
-14
Let k(f) = -5*f + 2. Calculate k(3).
-13
Let q(o) = o**2 + 2*o - 5. Determine q(5).
30
Let n(t) = -6*t + 5. Give n(-3).
23
Let u(s) = 15*s - 9. Give u(2).
21
Let l(v) = 2*v**2 + 4*v + 2. Calculate l(-5).
32
Let q(n) = -2*n**3 - 41*n**2 + 24*n + 12. Calculate q(-21).
-51
Let s(w) = 2*w - 47. Determine s(22).
-3
Let w(z) = -2*z**3 - 2*z**2 + 3*z - 2. Give w(2).
-20
Let u(k) = k**3 - 11*k**2 - 11*k - 16. What is u(12)?
-4
Let n(g) = 8*g + 42. What is n(-8)?
-22
Let t(c) = 57*c + 352. What is t(-6)?
10
Let s(j) = 36*j**2 + j - 1. Calculate s(1).
36
Let l(v) = -v**3 - 13*v**2 - v - 17. What is l(-13)?
-4
Let u(o) = -16*o**3 - 2*o**2 - 9*o - 7. What is u(-1)?
16
Let b(l) = -l**3 + 15*l**2 - 40*l + 15. Calculate b(12).
-33
Let v(w) = -w**3 - 12*w**2 + 4*w - 2. What is v(-12)?
-50
Let x(o) = o**3 + 7*o**2 + o - 9. Calculate x(-7).
-16
Let p(i) = -i**2 + 18*i - 20. Give p(17).
-3
Let a(p) = p**2 - 8*p - 2. What is a(7)?
-9
Let t(o) = -o**3 + 18*o**2 - 18*o + 16. Determine t(17).
-1
Let g(p) = -6*p**2 - 2. Determine g(-2).
-26
Let j(l) = -2*l**2 - 15*l - 10. Determine j(-7).
-3
Let p(c) = -c**2 + 17*c - 35. Determine p(14).
7
Let h(q) = 8*q + 271. Give h(-34).
-1
Let k(s) = -s**3 - 6*s**2 + 9*s - 7. Give k(-7).
-21
Let x(v) = -v**3 + 12*v**2 + 26*v + 20. Calculate x(14).
-8
Let t(f) = 4*f**3 - 6*f**2 - 4*f + 3. Determine t(2).
3
Let p(g) = -g**3 + 14*g**2 + 33*g + 18. Give p(16).
34
Let m(y) = y - 22. What is m(7)?
-15
Let b(p) = 7*p**2 + 32*p + 5. Give b(-4).
-11
Let i(x) = x**3 - x**2 - 8*x + 6. Determine i(3).
0
Let x(h) = 44*h + 298. Determine x(-7).
-10
Let l(s) = -3*s - 18. Give l(-13).
21
Let u(r) = -r - 16. Give u(0).
-16
Let n(i) = -5*i - 120. Calculate n(-23).
-5
Let x(j) = 6*j - 74. Calculate x(11).
-8
Let c(r) = r**2 + 16*r - 22. What is c(-15)?
-37
Let d(s) = s**2 + s + 7. Determine d(5).
37
Let t(v) = -3*v**2 - 12*v - 1. Give t(-3).
8
Let o(x) = 5*x + 9. Give o(-5).
-16
Let g(z) = -4*z**3 - 4*z**2 + 6*z - 2. Determine g(2).
-38
Let j(m) = 3*m - 16. Calculate j(5).
-1
Let x(b) = 9*b + 14. Calculate x(-12).
-94
Let w(c) = -c**2 + 7*c - 1. What is w(8)?
-9
Let g(j) = -j**2 - 36*j - 143. Calculate g(-32).
-15
Let i(t) = -t - 13. Determine i(-16).
3
Let m(q) = 62*q + 187. Calculate m(-3).
1
Let j(q) = 31*q + 107. Determine j(-3).
14
Let l(y) = 20*y**3 + 2*y**2 + 3*y + 1. Determine l(-1).
-20
Let d(l) = l**2 + 17*l + 70. Give d(-10).
0
Let i(v) = v**3 + 10*v**2 + 3*v + 15. What is i(-10)?
-15
Let u(j) = 13*j + 36. Determine u(-3).
-3
Let n(i) = -2*i**2 + 15*i - 23. Calculate n(4).
5
Let l(o) = -o + 9. Give l(11).
-2
Let g(m) = -m**3 + 15*m**2 + 2*m + 9. Determine g(15).
39
Let d(f) = 3*f + 16. Calculate d(-8).
-8
Let y(d) = -d**2 + 12*d - 8. Give y(6).
28
Let v(p) = p**3 - 4*p**2 - 6*p + 1. Calculate v(-2).
-11
Let h(o) = -o**2 + 26*o - 112. Determine h(21).
-7
Let q(c) = 4*c + 3. What is q(-7)?
-25
Let s(c) = -c**3 - 14*c**2 + 11*c - 21. What is s(-15)?
39
Let z(t) = -8*t**2 + 4. Calculate z(2).
-28
Let f(m) = 7*m - 49. Calculate f(8).
7
Let j(y) = -8*y + 4. What is j(1)?
-4
Let r(x) = -2*x**2 + 36. Give r(7).
-62
Let q(t) = -33*t + 8. Give q(1).
-25
Let h(a) = -a**3 - 8*a**2 + 2*a. Give h(-8).
-16
Let p(k) = -9*k + 82. Determine p(10).
-8
Let h(q) = 33*q - 84. Calculate h(3).
15
Let k(b) = -129*b - 1166. Give k(-9).
-5
Let u(z) = 4*z - 21. Determine u(5).
-1
Let a(z) = 2*z**3 + 20*z**2 + 17*z - 21. Give a(-9).
-12
Let b(o) = o**2 - 22*o + 28. Give b(18).
-44
Let u(f) = 4*f - 75. Give u(14).
-19
Let g(i) = i**3 - i**2 - 6*i - 71. What is g(5)?
-1
Let u(o) = -9*o + 5. Give u(4).
-31
Let s(q) = q**3 + 14*q**2 - 2*q - 28. Calculate s(-14).
0
Let g(k) = 3*k**3 - 3*k**2 - 4*k - 1. Give g(3).
41
Let h(w) = -2*w - 3. What is h(3)?
-9
Let i(p) = -p**2 - 9*p - 1. What is i(-3)?
17
Let a(f) = -7*f - 43. Calculate a(0).
-43
Let t(n) = -n**2 - 5*n - 7. What is t(-2)?
-1
Let j(y) = y**3 - 2*y - 15. Give j(0).
-15
Let w(n) = -n**3 + 7*n**2 - n + 7. What is w(7)?
0
Let d(s) = -5*s**3 - s**2 + 1. Calculate d(-2).
37
Let q(z) = -10*z + 102. Give q(17).
-68
Let w(j) = j - 24. Determine w(14).
-10
Let x(k) = k**2 + 8*k - 3. What is x(-8)?
-3
Let x(s) = 2*s**2 - 6. Calculate x(-4).
26
Let g(i) = -2*i**2 - 3*i + 2. Determine g(-2).
0
Let a(l) = -l**3 - 30*l**2 + 32*l + 36. What is a(-31)?
5
Let f(v) = 8*v - 66. Calculate f(10).
14
Let l(a) = 7*a + 8. Determine l(10).
78
Let v(b) = b + 83. Determine v(24).
107
Let l(x) = -x**2 + 8*x + 2. Calculate l(10).
-18
Let t(m) = 5*m**2 + 187*m + 78. What is t(-37)?
4
Let x(g) = g**3 + 53*g**2 + 101*g - 59. Calculate x(-51).
-8
Let x(b) = b**3 - 8. Determine x(3).
19
Let r(d) = d**3 + d**2 - d + 46. Give r(0).
46
Let a(g) = -g**2 - 21*g - 36. Determine a(-18).
18
Let k(w) = 137*w - 270. Determine k(2).
4
Let b(x) = x**3 + 4*x**2 + x + 5. Calculate b(-4).
1
Let a(u) = u**2 + 10*u - 15. Determine a(-8).
-31
Let y(o) = 15*o - 40. Determine y(3).
5
Let z(l) = l**3 - 9*l**2 + l + 4. Give z(9).
13
Let h(m) = m - 14. Give h(27).
13
Let k(g) = g**2 + 8*g - 8. What is k(-8)?
-8
Let z(d) = 5*d + 118. Give z(-24).
-2
Let v(g) = -g**2 - 7*g - 6. Give v(-4).
6
Let s(x) = x**3 + 7*x**2 - 5*x + 7. Calculate s(-8).
-17
Let d(a) = -a**3 - 12*a**2 - 3*a + 11. Give d(-12).
47
Let h(u) = 11*u + 303. What is h(-27)?
6
Let h(i) = 4*i + 15. What is h(-1)?
11
Let f(a) = -85*a**3 + a**2 + a. Give f(-1).
85
Let v(r) = -4*r**2 - 18*r + 11. What is v(-5)?
1
Let x(t) = -30*t - 568. Calculate x(-19).
2
Let v(m) = m**3 - 7*m**2 - m + 6. Give v(7).
-1
Let r(k) = k**2 + 6*k + 3. Give r(-6).
3
Let o(h) = -2*h - 17. Determine o(-7).
-3
Let r(f) = f**2 - 9*f + 3. Give r(8).
-5
Let o(i) = i**2 + 16*i - 94. Calculate o(-21).
11
Let f(w) = -w - 11. Calculate f(6).
-17
Let v(x) = -x**2 + 16*x - 16. Give v(13).
23
Let t(p) = p**3 + 5*p**2 - 3*p + 8. Determine t(-6).
-10
Let h(o) = o**2 + 8*o - 31. Calculate h(-11).
2
Let m(l) = -l + 5. Determine m(-6).
11
Let z(c) = 23*c + 191. What is z(-8)?
7
Let v(s) = s**2 - s - 28. Calculate v(0).
-28
Let i(q) = -4*q - 12. What is i(-4)?
4
Let j(a) = a**2 - 5*a + 6. Determine j(3).
0
Let k(z) = 2*z**2 - 23*z - 1. Calculate k(10).
-31
Let k(x) = x. What is k(9)?
9
Let r(c) = 2*c + 34. Determine r(-11).
12
Let f(m) = m**2 - 32*m + 244. Give f(19).
-3
Let w(h) = 11*h - 63. Calculate w(6).
3
Let w(y) = y**2 + 4*y + 6. What is w(-5)?
11
Let c(q) = -3*q**2 - 3. Calculate c(6).
-111
Let r(m) = m**3 - 7*m**2 - 11*m + 3. Calculate r(8).
-21
Let y(k) = -k**3 - 8*k**2 + 7*k - 9. Determine y(-9).
9
Let w(q) = q**2 + 6*q. Determine w(-4).
-8
Let k(x) = x**2 - 2*x - 14. Give k(4).
-6
Let j(s) = 3*s**2 - 5*s + 2. What is j(5)?
52
Let d(h) = -57*h**2 - 6*h + 5. What is d(1)?
-58
Let z(x) = -6*x - 6. What is z(-11)?
60
Let l(z) = -z**2 + z + 1. Calculate l(3).
-5
Let h(f) = -f**3 + f**2 - 2*f - 7. Determine h(0).
-7
Let c(x) = x + 18. Determine c(-26).
-8
Let y(i) = -i**2 - 2*i - 2. What is y(-2)?
-2
Let u(v) = -v**3 + 8*v**2 - 5*v + 4. Give u(8).
-36
Let c(w) = w**2 + 14*w + 17. Calculate c(-13).
4
Let f(r) = -r**3 + 11*r**2 - 15. Determine f(11).
-15
Let a(q) = -2*q**3 - q**2 + 3*q. Give a(2).
-14
Let s(g) = g**3 + g**2 - 4*g + 5. Calculate s(2).
9
Let h(n) = n**2 - 8*n + 14. Calculate h(11).
47
Let h(w) = -18*w + 49. Determine h(3).
-5
Let g(o) = -22*o - 194. Determine g(-9).
4
Let l(w) = w**3 + 5*w**2 - 5*w - 1. Determine l(-5).
24
Let k(s) = -s**3 + 12*s**2 + 28*s + 1. Determine k(14).
1
Let g(z) = -4*z**2 - 14*z + 11. 